-k**2 - 13*k - 17. Determine q(j).
-5
Let f = -65 + 56. Let v be (-3)/f*3/(-1). Let h(u) = -16*u - 1. Calculate h(v).
15
Suppose -2*b + 2*b + b = 0. Let l(x) be the third derivative of -x**6/120 - 5*x**3/2 - 32*x**2. Determine l(b).
-15
Let q(b) = b**2 + 2*b + 3. Let u = -95 + 91. Calculate q(u).
11
Let w(x) = -6*x + 5. Let b(s) = 7*s - 6. Let v(q) = 4*b(q) + 5*w(q). Suppose 83*i + 156 = 57*i. Give v(i).
13
Suppose 5*v = 5*i + 22 + 8, 4*v - 51 = -5*i. Let p = 2 - -1. Let a(x) = v + 0*x**2 - 8 + x**p + x**2. What is a(-2)?
-3
Let b(h) = -h + 4. Let l be ((-396)/(-24))/(6/4). Give b(l).
-7
Let i be (16/12)/((-2)/3). Let u(x) be the second derivative of -1/2*x**2 + 1/3*x**3 + 5/12*x**4 + 0 + 10*x. Determine u(i).
15
Let u(y) = 2*y - 3. Suppose 11*h + 5*h = -16. Determine u(h).
-5
Suppose -2*s = -3*m - 19, -18 = -4*s - 0*s + 2*m. Let z(p) = -5*p - 2. Determine z(s).
-12
Let w be 1/(51/12 - 4). Let n be w*(-4)/(-32)*-6. Let b(s) = -4*s. What is b(n)?
12
Let r be 20/190 - 144/(-76). Let x(a) be the third derivative of -1/6*a**3 - 1/60*a**5 + 0 - 1/24*a**4 + 0*a + 2*a**r. Calculate x(-1).
-1
Let u(q) = 4*q + 3. Let t(k) = -3*k**2 + 5*k + 4. Let z(v) = -4*t(v) + 5*u(v). Determine z(-1).
11
Let j(n) = -2*n**2 + 4*n - 3. Let f be 2*2/4 + -4. Let i = f + 5. Give j(i).
-3
Let k(t) be the second derivative of t**2 - 1/20*t**5 + 0 + 7/12*t**4 + 0*t**3 - t. Give k(7).
2
Let c(x) = -x + 0*x**2 - x**2 + 0*x. Let s(n) = n. Let y(v) = -v**2 + 7*v - 4. Let g(t) = -3*s(t) + y(t). Let u be g(3). Give c(u).
0
Let g(j) = 2 + 4*j + j - j**3 - 26232*j**2 + 52464*j**2 - 26231*j**2. Let q(o) = -2*o - 4. Let s be q(-4). Calculate g(s).
-26
Suppose 5*a + 2*v = -10, -3*a - 11 = v - 4. Let f = -1 - a. Let p(l) = -4 + 2*l**2 - 2*l**2 + 3*l**2 - l**f + 2*l + 1. What is p(2)?
5
Let k(h) = h**2 + 5*h - 3. Let v be 6/4 - (-95)/(-190). Calculate k(v).
3
Let o(m) = 2*m**2 + 5*m**3 - 3*m - 4 + 5 - 3*m**3 - 3. Let a be (1 - 0) + 0/2. Suppose -9 = 5*g + a. What is o(g)?
-4
Let i(b) be the second derivative of -7*b**4/12 - 3*b**2/2 - b. Let d(v) = v**2 + 1. Let f(q) = -4*d(q) - i(q). Let t be (-4)/2*2/4. Give f(t).
2
Suppose -2*h = 3*h - 2*l - 105, 0 = 5*l. Let u(o) = -17 - 2*o - o + h. Determine u(3).
-5
Let q(s) = -2*s + 5. Let k(i) = 5*i - 9. Let o(j) = j**2 + 5*j - 7. Let h be o(-5). Let w(v) = h*q(v) - 4*k(v). Give w(2).
-11
Suppose 11*y + 0*y = 0. Let z(p) = p**3 - p**2 - p - 6. Calculate z(y).
-6
Let x(b) = -2*b - 72. Let w be x(-37). Let v(g) be the second derivative of 1/2*g**3 - 1/12*g**4 + 4*g + 0 - 1/2*g**w. Calculate v(2).
1
Let g(q) = 7*q**2 + 13 - 20 - 3*q**2 - 5*q - 2*q**2. Let l = 8 - 3. Determine g(l).
18
Let m(r) be the third derivative of r**5/60 - 5*r**4/24 - r**3/3 + 3*r**2. Let n = -18 + 33. Suppose -4*g + n = -g. Calculate m(g).
-2
Let i(p) = -p**3 - 6*p**2 - 6*p - 11. Suppose 3 - 8 = u. Give i(u).
-6
Let f(c) = -10*c**3 + 12*c**2 + 7*c - 1. Let d(g) = 13*g**3 - 12*g**2 - 9*g. Let p(m) = -3*d(m) - 4*f(m). Give p(12).
-8
Let w(t) = -636 + 7*t + 3*t + 636. What is w(-2)?
-20
Let l(u) = -2*u - 2. Let z(q) = 3*q + 3. Let o(c) = 5*l(c) + 3*z(c). What is o(17)?
-18
Let q(v) = 3*v**3 - 4*v**2 - 5*v - 28. Let x(o) = 5*o**3 - 5*o**2 - 7*o - 43. Let k(r) = -8*q(r) + 5*x(r). Let i = 2 - 8. Give k(i).
15
Suppose 44*c - 23*c = -105. Let h(m) be the first derivative of m**3/3 + m**2 - m - 2. Calculate h(c).
14
Let w(r) = -r**2 + 7*r - 5. Let s be w(7). Let i(h) = 183*h - 184*h + 1 - 1. Determine i(s).
5
Let g be 9*(2 + (-20)/12). Suppose g*q - 16 = -q. Let m(z) = 11*z - 4 - 2*z**3 + 4*z**2 + 13*z + z**3 - 20*z. Give m(q).
12
Let r(q) = -3*q**2 - q + 1. Suppose 4 = 2*x - 0. Let d be 4/(3 - x)*3. Suppose 5*a - d = -2, -5*m + 5*a = 5. Give r(m).
-3
Let z(w) = w**3 + 5*w**2 + 5*w + 6. Let u = 82 + -86. Give z(u).
2
Let x(r) be the third derivative of 1/60*r**5 + 5/3*r**3 + 8*r**2 + 0 + 0*r + 0*r**4. Let p(o) be the first derivative of x(o). Calculate p(2).
4
Let k(j) = -21 - j**2 - 4 + 2*j + 28. Calculate k(4).
-5
Let g = 87 + -78. Suppose -g*h = h. Let v(j) be the first derivative of -j**2/2 + 5*j - 1. Determine v(h).
5
Let d = -53 + 73. Let l(x) = 6 - d*x - 1 - 1 + 16*x - x**2. Suppose 10 + 5 = -3*y. Give l(y).
-1
Let z(q) = q**3 + 5*q**2 - 6*q - 6. Let n(w) = w**3 + 28*w**2 + 97*w + 18. Let a be n(-24). What is z(a)?
-6
Let i(l) = -7*l**3 + 14*l**2 - 3*l - 32. Let h(d) = 9*d**3 - 15*d**2 + 3*d + 31. Let z(y) = 4*h(y) + 5*i(y). Give z(-10).
-6
Let f(p) = p**3 + 16*p**2 + 14*p - 11. Suppose -259*o + 282*o = -345. Calculate f(o).
4
Suppose 5*p + 5 = -10. Let x(v) be the first derivative of v**2/2 + 2*v + 98. Determine x(p).
-1
Let o = -4/3 - -17/12. Let t(c) be the third derivative of 0*c + o*c**4 + 1/6*c**3 + 0 + 3*c**2 - 1/15*c**5. What is t(-1)?
-5
Let b = 79 - 52. Suppose b*j + 24 = 30*j. Let i(n) = n - 2. Determine i(j).
6
Let r(j) = j**2 + 7*j + 12. Let y(h) = -h**3 - h - 6. Let n be y(0). Calculate r(n).
6
Let r(v) = -v**2 - 5*v + 5. Suppose -35 = 23*p - 16*p. Calculate r(p).
5
Let m(s) = -s**2 - 2*s. Let f be m(-3). Let h = f + 7. Let r(g) be the first derivative of -g**2 - 5*g + 9. Determine r(h).
-13
Let g(r) = 2*r + 2. Let z be g(3). Suppose 4*n = z, -5*l + 2*n + 2 = -2*n. Let v(t) = 0*t**2 - 6 + 3*t**2 - 10*t - 4*t**l + 4*t. Give v(-5).
-1
Let k(c) be the first derivative of -c**3/6 - 6*c**2 - 11*c - 2. Let n(x) be the first derivative of k(x). Determine n(-6).
-6
Let k(z) = z**2 - 3*z + 4. Let d(y) = -11*y**3 + y**2 + y + 1. Let p be d(-1). Let m = -564 - -459. Let i be m/(-20) - 3/p. Give k(i).
14
Let o(z) = 2*z - 8. Let b(n) = 3*n**3 - n**2 + 1 + 3*n**3 + 0*n**3. Let l be b(1). Give o(l).
4
Let c(x) = 2*x**2 - 21*x + 3. Let o(w) = w**2 - 11*w + 2. Let a(j) = 4*c(j) - 7*o(j). Let r = -51 - -55. Give a(r).
-14
Let t(d) = -d**3 + 6*d**2 + 8*d - 1. Let u be t(7). Let f(b) = -3*b + 0*b - 2*b + 2 + 4*b. Calculate f(u).
-4
Let h(d) = d - 10. Suppose -z + 2*z - 2*q - 10 = 0, -4*q = 3*z - 30. What is h(z)?
0
Let a(v) = 2*v**2 + 14*v + 17. Let g be a(-6). Let l(o) = -o**3 + 4*o**2 + o + 3. Calculate l(g).
-17
Let f(u) = -6*u**2 + 11*u + 7. Let x(s) = -8*s**2 + 12*s + 8. Let v(y) = 5*f(y) - 4*x(y). Determine v(-5).
18
Suppose -2*p + 8 = -p + 4*b, -5*p - 5 = 5*b. Let n = p + 1. Let k(d) = d**3. Let s(h) = 4*h**3 - 4*h**2 - 2*h + 1. Let x(q) = 5*k(q) - s(q). What is x(n)?
2
Let m(b) = b**3 - 5*b**2 + b - 7. Let i(y) = y**2 - 5*y - 3. Let z be i(6). Suppose -8*l + 25 = -z*l. Determine m(l).
-2
Suppose x - 1649 + 1656 = 0. Let r(c) = c**3 + 8*c**2 + 9*c + 11. What is r(x)?
-3
Let c(x) = 5*x - 1. Let h(m) = 2*m + 1. Suppose -4*y = 9 - 13. Let s = y + -1. Let p be h(s). What is c(p)?
4
Let w(h) = -h + 7. Let p(i) = i**2 - 5*i - 26. Let r be p(12). Suppose -12 = -r*o + 55*o. Determine w(o).
3
Let z(s) = 32088*s - 32071*s + 9*s**2 - 2 + s**3 + 7*s**2. Determine z(-15).
-32
Let w(c) be the first derivative of 6*c**2 + c - 165. Give w(-2).
-23
Let m(l) = -4*l + 10. Let x(j) = -4*j + 11. Let c(a) = 3*m(a) - 4*x(a). Calculate c(7).
14
Suppose -18*w - 51 = 75. Let d(m) = 2*m - 1. Give d(w).
-15
Let t(y) = y**2. Let c(s) = -s**2 + s. Let r(u) = -c(u) - 6*t(u). Suppose 2*q - 165 = -163. Calculate r(q).
-6
Let t(d) be the first derivative of 2*d**2 - 26*d + 1090. Calculate t(0).
-26
Let d(b) = 15*b**3 - b**2 - b - 1. Let z(j) = -j - 10. Let p be z(-9). Give d(p).
-16
Let a = -5 + 15. Let i = a + -11. Let g(p) = 3*p**2 - 1. Calculate g(i).
2
Let p(b) be the second derivative of -b**4/12 + b**3/3 - b**2/2 - b. Let d be p(1). Let g(t) = t - 5 + 9 + 3. Determine g(d).
7
Let u be 2 + -1 - (-5 - 31). Let l = u - 18. Let a = l - 18. Let w(o) = 17*o**2 + 2*o - 1. Determine w(a).
18
Let a(h) = h. Let t(i) = i**2 - 7*i - 1. Let c(z) = -4*z**2 + 22*z + 3. Let m(j) = 2*c(j) + 7*t(j). Let r(o) = 2*a(o) - m(o). Give r(-7).
1
Let t(l) = -l**2 - 10*l - 5. Let c(v) = -v**2 - 9*v + 21. Let u be c(-11). Let y(x) = 10*x**3 + x**2 - 3*x - 2. Let p be y(u). Determine t(p).
11
Let f(k) = -4*k**3 - k**2 - k + 1. Let q(y) = 10*y - 15*y + 4*y - y**3 + 2*y + 1. Let a be q(-1). Determine f(a).
-5
Let a = -259 + 261. Let h(m) = 3*m**3 - m**2 - 2*m + 3. Let v(k) = k**3 - k + 1. Let q(w) = -h(w) + 2*v(w). Calculate q(a).
-5
Suppose 5*l + 3*u - 15 = 0, 3*l - 4 = -4*u + 5. Let f(z) = l - 4 + 3*z + 2*z - 4*z. What is f(